o). Let h be -8 + (-1)/(-2)*4. Let a be -8 - (-1 + h/3). Calculate p(a).
5
Suppose -2 = -4*b + 2. Let f(s) be the first derivative of 0*s**3 - 24 - 1/2*s**2 - 1/2*s**4 + s. Give f(b).
-2
Let u(c) = -2*c - 1. Let p be (36/72)/(1/14). Determine u(p).
-15
Suppose 2*t + 8 = -0. Let r be (-56)/(-16) - (-2)/t. Let u(i) = -i**3 - 3 + 8*i + 4*i**2 + r - 3. Determine u(5).
12
Let a(z) = -4*z**3 + 5*z**2 - 5*z - 40. Let y(p) = p**3 - p**2 + p - 1. Let k(b) = a(b) + 5*y(b). Give k(0).
-45
Let k(y) be the second derivative of 11/2*y**2 + 3/2*y**3 + 0 + 1/12*y**4 + 35*y. Calculate k(-8).
3
Let g(v) be the third derivative of -v**5/60 + 2*v**4/3 + v**3/2 - 85*v**2. Give g(16).
3
Suppose -5*b + 3*b = 0. Let z be ((-1)/(-3) - 12/(-18)) + -1. Let c(u) = -5 + u + 0 - u**2 + z*u. Give c(b).
-5
Let i(n) = -20*n + 56. Let s(x) = 17*x - 58. Let u(l) = -2*i(l) - 3*s(l). Calculate u(6).
-4
Let f(h) = -h. Let r(v) = -v - 4. Let q be r(0). Let i(k) = -k**2 + 5*k - 1. Let n(b) = q*f(b) - i(b). Give n(0).
1
Let q(u) be the first derivative of -u**6/360 - u**5/24 - u**4/24 - 7*u**3/3 - 10. Let c(b) be the third derivative of q(b). Give c(-5).
-1
Suppose 13 = -5*r - 4*f, -2*f = -3*r - 0*f + 1. Let j(g) = -8*g**3 + 2*g + 2. Calculate j(r).
8
Let p = -31 + 32. Suppose 11*a + p = 12*a. Let y(f) = 3*f**3 + f - 1. Determine y(a).
3
Suppose -3*u - 158 = -7*q + 2*q, 2*q + 100 = -2*u. Let v = 36 + u. Let a be (-1 - 3)*v/10. Let j(t) = -t**2 + 7*t + 6. Determine j(a).
12
Suppose -v = 1, n - v + 92 = 4*n. Let d(r) = 23 + 11 - r**2 + 3*r - n. Calculate d(6).
-15
Let o(k) = 5*k**2 + 17. Let y(f) = 14*f**2 + 3*f + 50. Let c(r) = 11*o(r) - 4*y(r). Determine c(-9).
14
Let w(a) be the third derivative of -10*a**2 - 1/720*a**6 + 0*a**3 + 0 - 1/6*a**4 - 1/24*a**5 + 0*a. Let u(x) be the second derivative of w(x). Calculate u(4).
-9
Let q(m) be the third derivative of m**5/60 + 7*m**4/24 + 13*m**3/6 - 45*m**2. Let k be q(-6). Let y(i) = -i - 3. What is y(k)?
-10
Let z(b) = b + 11. Suppose 153 = -5*n + 448. Let f = n + -65. Give z(f).
5
Let r(s) be the first derivative of 2*s**3/3 - s + 98. Suppose -p + 4*d - 4 - 2 = 0, 0 = -p + 5*d - 8. Give r(p).
7
Let t = -289 - -287. Let n(z) = -z**2 - 3*z - 3. Calculate n(t).
-1
Let c(b) = -2*b**3 - 3*b**2 - 2*b. Let o be c(-2). Let t be 1*o/(1 - 0). Let j(g) = 3 - 5*g**2 + 9*g + 2*g**2 - 2 + 2*g**2. Calculate j(t).
9
Let w = -51 + 46. Let z(v) = 2*v**2 + 39*v + v**3 + 0 - 32*v + 4*v**2 + 2. Give z(w).
-8
Let q(z) = z**3 - 9*z**2 - 2*z + 10. Let p be q(9). Let b(s) = s + 7. Let c be b(p). Let v be (35/28)/(c/4). Let r(d) = d**2 + 4*d + 6. Calculate r(v).
11
Let f(b) be the third derivative of -5*b**4/24 + 17*b**3/6 + 2*b**2 + 16. Determine f(5).
-8
Let l(h) = -8*h + 3. Suppose 0 = 67*c + 11*c - 156. Determine l(c).
-13
Suppose -53*a = -38*a + 210. Let p(f) = -f**3 - 13*f**2 + 14*f - 4. Determine p(a).
-4
Suppose -99 + 19 - 32 = -16*k. Let t(p) = -2*p + 2. Let x(b) = -5*b + 5. Let c(z) = 7*t(z) - 3*x(z). Determine c(k).
6
Let j(m) = 13*m + 3. Let k(i) = -11*i - 1. Let d(n) = 4*j(n) + 5*k(n). What is d(5)?
-8
Let u = -53 - -79. Suppose -9 = -5*i + u. Let p(j) = -j**2 + 9*j + 2. Determine p(i).
16
Let p = 27 + -25. Suppose -3*a + 25 = p*a. Let q(n) = n**3 - 6*n**2 + 6. Calculate q(a).
-19
Let k(n) be the second derivative of -n**3/6 + 2*n**2 - n - 2. Calculate k(5).
-1
Let d(l) be the first derivative of -l**4/4 - l**3 - l**2/2 - 15. Suppose -24 = -4*h - 3*w, -11 = -h - 4*w + 8. Suppose 2*u + u = -h. Give d(u).
-1
Let l be (-57)/(-9) + 2/(-6). Let u(v) = -3*v - 5. Let y(w) = w - 1. Let c(h) = 6*h - 4. Let x(b) = c(b) - 5*y(b). Let t(m) = l*x(m) + u(m). What is t(3)?
10
Suppose -4*u - 9 = -25. Suppose -2*o + 8 = -h, 2*o = -h - 0*h + u. Let a(z) = -z - 2. Give a(h).
0
Suppose -3*n + 0*n + 24 = -5*a, a = -4*n + 9. Let h(d) = -5 + d**3 - 8*d**2 + n + 0*d**2 + 6*d + d**2. Let t = -7 + 13. What is h(t)?
-2
Let k(y) = y**3 + 4*y**2 + 4. Let l be k(-4). Let o be (-1 + 0)/((-5)/35). Let s(t) = -t - 1 - t**2 + 0*t - 2*t + o*t. Give s(l).
-1
Suppose 2*z = -10, 74 = -3*l - z - 0*z. Let k(j) = -j**3 - 22*j**2 + 23*j. Give k(l).
0
Suppose 5*x - 58 = -2*p, 3*x = x + 3*p + 8. Let h = x + -8. Suppose -5*y + h*y = 0. Let u(s) = s**3 - 2. Determine u(y).
-2
Let j(n) = -n**3 - 3*n**2 + 2*n. Let b be j(-4). Let q = -3 - -13. Let a(x) = -1 + 2 + b*x - q*x. What is a(2)?
-3
Let q(t) = -10*t**3 + t**2 + 2*t. Let b(j) = -46*j - 46*j + 91*j + j**3. Let i(m) = b(m) + q(m). Determine i(-1).
9
Let d be -1 + (-5 + 10 - -2). Let g be 39/d - (-5)/(-10). Let v(q) = q - 5. Calculate v(g).
1
Let i(x) be the second derivative of 16*x - 1/12*x**4 - 5/6*x**3 - 1/2*x**2 + 0. Give i(-3).
5
Let x(q) = q**2 - 18*q + 4. Let u be x(18). Let t(f) = f + u - 4 - 1. Suppose -4*k = 5*z - 10, 5*z = -2*k + 2 + 8. Give t(k).
-1
Let j = 146 - 141. Let o(b) be the second derivative of b**3/6 + b**2 - 8*b. Calculate o(j).
7
Let u(t) be the second derivative of -t**6/360 - t**5/24 + 5*t**4/24 + t**3 + 4*t. Let h(z) be the second derivative of u(z). What is h(-5)?
5
Suppose -4*d = 2*u - 10, 0*u = 5*u - 25. Let x(b) = -3*b**2 + b**3 - 22 + d*b + 2*b + 24. Give x(2).
2
Let q(g) = g - 1. Let m(x) = x - 42*x**2 + 3*x**3 + 43*x**2 - 1 - 4*x**3. Let n be m(1). Suppose 3*j + 4*r = -8 - n, 0 = -4*r - 20. Give q(j).
3
Let j be 18/(-15)*(2 + 5 + -2). Let d(k) = -k**3 - 6*k**2 + 3*k + 8. Give d(j).
-10
Suppose 6*u = -0*u - 36. Let n be ((-24)/8)/(u/8). Let s(y) = y - 7. Give s(n).
-3
Let f(k) be the second derivative of k**6/60 - k**3/6 + 11*k**2/2 - 25*k. Let n(j) be the first derivative of f(j). Calculate n(-1).
-3
Let i(f) = -f**3 + 3*f**2 + 3*f - 3. Suppose -z = 5*o - 7 - 3, -8 = -4*o + 4*z. Suppose o*g = -4*d + 24, -7 + 27 = 2*d + 3*g. Give i(d).
-7
Let v = -58 - -7. Let k = -58 - v. Let g(a) = a**2 + 6*a + 3. Determine g(k).
10
Let v(t) = 15*t**3 + 4*t**2 + t + 8. Let o(r) = -2*r**3 - r**2 - 1. Let k(w) = -7*o(w) - v(w). Let i be ((-2)/6)/((-1)/9). Give k(i).
-4
Let s(j) = 2*j**2 + 7*j + 8. Let r be s(-1). Let b(d) = -d**2 + 0*d**2 + 2*d**2 - d**r - 7*d**2 + 7 - 3*d. Suppose 2*u - 1 = -11. What is b(u)?
-3
Suppose -12*n - 50 = 34. Let s(g) = -g**3 - 8*g**2 - g + 10. What is s(n)?
-32
Let b(g) = -g - 5*g + 3 - 2. Suppose 0 = r + u - 7, 3*u = -0*r - r + 19. Determine b(r).
-5
Suppose 4*c - 94 = -2*p + 6, -3*c + 215 = 5*p. Let t(n) = -4 + 5 - p*n + 41*n. What is t(6)?
7
Let h(i) = -5*i**2 + 5*i**3 - 3 + 3*i + i**2 - 4*i**3. Let y be 1 + ((-5)/(-3) - (-5)/15). Give h(y).
-3
Suppose 2 = x + 2*m, -m + 11 = -4*x + 1. Let w = 0 - 1. Let z be w*(2 + x + -2). Let u(n) = -2*n**2 - n + 2. Calculate u(z).
-8
Let y(i) = i**3 - 6*i**2 + i - 2. Let o(p) = 15*p + 35. Let x be o(-2). Determine y(x).
-22
Let b(p) = -p**3 - 2*p**2 + 5. Let s(f) = 27*f + 162. Let z be s(-6). Calculate b(z).
5
Let h(k) = k + 7. Let o(y) = -y - 7. Let x(i) = 5*h(i) + 6*o(i). Calculate x(-5).
-2
Let d(u) = -u - 2*u - 7*u + 8*u - 6 - u. Calculate d(-9).
21
Let x(v) = v. Let g(s) = 5*s - 10. Let c(y) = g(y) - 6*x(y). Let o be c(-14). Let w(a) = a + a**2 + o - 2*a**2 + a. What is w(4)?
-4
Let x = 118 + -115. Let h(m) = 6 + 11*m**2 + 9*m + 4*m**3 + 3*m - m - x*m**3. What is h(-10)?
-4
Let i(c) = 7*c**2 + 6*c. Let m(x) = 20*x**2 + 17*x. Let b(f) = 17*i(f) - 6*m(f). Let u(s) = 2 + s + s - 4*s. Let d be u(2). Determine b(d).
-4
Let l(k) = 29052*k - 3 - 29051*k + 1. Calculate l(-8).
-10
Let o(t) = 7*t**3 + t - 1. Suppose -2*h - 3*h + 15 = 0. Suppose -8*z = -h*z - 5. Give o(z).
7
Let k(i) = -3*i**2 - 2*i - 1. Let j be k(-1). Suppose -z + 3*z + 4 = 0, -22 = -4*g + 5*z. Let m(s) = -s**3 + 6*s - 6*s - 1 + 2*s**g + 3*s**2. Calculate m(j).
3
Let r be (-2)/(-5) - 46/(-10) - 3. Let a(h) = -2*h - 4*h**2 + 5*h**r - 3*h**2 + 0*h. What is a(-3)?
-12
Let u(n) = -2*n + 4. Let m be u(3). Let b = 16 + -13. Let h(t) = b*t + 1 - 1 - 3 + 1. Give h(m).
-8
Let g = 159 - 157. Let m be (g/2 - 1) + 9 + -8. Let z(h) = -h. Give z(m).
-1
Let q(k) = -k**3 + 6*k**2 + 2*k - 10. Let m be q(6). Let u(g) = -32*g**2 + 6*g + g**3 + 20*g**m + 19*g**2. Determine u(-6).
0
Let d(k) = k**2 + k + 1. Let j(o) = 2*o**2 + 13*o - 3. Let h(i) = 3*d(i) - j(i). What is h(10)?
6
Let j be -6*3/(-6)*8. Suppose -5*w = -j - 1. Let r(s) = s - 2. Calculate r(w).
3
Let u(i) = -4 + 4*i + 6*i + 7*i - 16*i. Let h be 4/(